**4/4 + 5*k**3/3 - k**2/2 + 2*k - 1648. Give a(j).
7
Let c be ((-3)/(-4))/((-2)/8). Let h = 163 - 168. Let p(u) = -4*u**2 - 9*u + 1. Let n(r) = 2*r**2 + 5*r. Let y(o) = h*n(o) - 3*p(o). What is y(c)?
9
Let m(b) = 77*b**3 + 4*b**2 - 18*b - 23. Let w(k) = 60*k**3 + 3*k**2 - 18*k - 22. Let r(q) = 3*m(q) - 4*w(q). Give r(-1).
10
Let v(d) = d**2 - 14*d + 23. Suppose -84*i = -71*i - 195. Determine v(i).
38
Suppose 0 = 4*x - 0 - 12. Let g(l) be the first derivative of -l**2 - 12 - x*l + 2*l**2 + l + 0*l**2. Give g(-2).
-6
Let v(k) = 7*k**2 + 2*k + 9. Let r(u) = -u - 70*u**2 - 1 + 0*u + 38*u**2 + 31*u**2. Let j(i) = -6*r(i) - v(i). Calculate j(2).
1
Let p(l) = -2*l**2 + 7. Let v be (-1 - 31/(-4)) + (-1)/(-4). Let i(j) = -j**2 + 4. Let h(n) = v*i(n) - 4*p(n). Determine h(1).
1
Let v(n) be the second derivative of 5*n**4/12 - 37*n**3/6 + 7*n**2/2 + 955*n + 2. Determine v(7).
-7
Let o = 36362 - 36359. Let s(m) = 2*m**3 - 3*m**2 - 4*m + 5. Give s(o).
20
Let f(d) = -2*d**2 - 5*d + 84. Let s(z) = z**3 + 13*z**2 - 41*z - 386. Let i be s(-14). Determine f(i).
-4
Suppose -2*m = b - 18 - 10, -3*b - 3*m = -84. Let w(l) = 3*l - 84. Give w(b).
0
Let l(h) = 134*h + 20. Let p be l(0). Let k(o) = o + 7. What is k(p)?
27
Let u(t) = -3*t**2 + t. Let o be u(1). Let d be 0/(o - 0 - -4). Let s(y) = d*y - 1 + 2 + 0 + y. Give s(3).
4
Let z(k) = -9*k**2 - 20*k**2 + 18 + 46*k**2 - 16*k**2. Determine z(7).
67
Let f(r) = r + 1. Let g(t) = t**3 + 11*t**2 + 15*t - 3. Let m be g(-8). Suppose 2*l = -4 - 2, 2*l - m = -3*b. Let q = b + -20. Calculate f(q).
6
Let y(t) = -6*t - 12. Let r(w) = w + 1. Let n(u) = 4*r(u) + y(u). Let d(s) = 10*s - 19. Let o be d(4). Suppose -9*m - o = -6*m. What is n(m)?
6
Let r(p) = -235*p - 23. Let i(m) = 88*m + 8. Let o(q) = -8*i(q) - 3*r(q). Calculate o(-3).
2
Suppose -8*d = -5 - 11. Suppose 0 = 3*l + 5*a - 48, -3 - d = -l + 2*a. Let k(f) = l*f - 10*f**2 + 5*f**2 - 8*f + f**3. What is k(4)?
-4
Let u(c) be the third derivative of 1/120*c**5 + 0*c - 1/12*c**4 + 44*c**2 + 0 - 11/2*c**3. Let n(x) be the first derivative of u(x). Give n(7).
5
Suppose -2*c = 4*l + 18, -5*c - 46 + 29 = 3*l. Let y(s) = 2*s - 4. Give y(l).
-12
Suppose 0 = -339*i + 413*i + 444. Let s(n) = 19*n - 8. Give s(i).
-122
Let v(j) = 3771077 - 2*j - 3771077. What is v(-6)?
12
Suppose 0 = 2*g - a - 12, -g + 4*a + 13 = -0*g. Let v(c) = -11*c + 12. Let z(u) = 6*u - 7. Let j(p) = 4*v(p) + 7*z(p). Give j(g).
-11
Let s be ((-2)/1)/((-2)/(-5)). Let h(d) = 4*d**2 + 22*d - 44*d + 21*d - 1 - 3*d**2. Let r(w) = -7*w**2 + 2. Let g(f) = -6*h(f) - r(f). What is g(s)?
-1
Suppose 3 = -2*p - 11. Let b(l) be the first derivative of 2*l**2 + 3*l + 30804. Give b(p).
-25
Let g(x) = 1 - 5*x - 2*x**2 - 4 + 1. Suppose 0 = 3*a - 3*b + 70 - 37, -32 = -4*b. What is g(a)?
-5
Let j = -1053 + 1058. Let w(n) = -21*n**2 + 106*n + 1. Calculate w(j).
6
Suppose 5*j - 85*p + 87*p = 19, 2*j - 3*p - 38 = 0. Let q(i) = 3*i**2 - 14*i - 42. Determine q(j).
7
Let w(z) = 21*z + 14. Let q be w(-1). Let d(p) = -2*p + 4. Give d(q).
18
Let t(b) = b**2 + 4*b - 7. Let g = 3604 + -3610. Determine t(g).
5
Let c(w) = -w**2 - 36*w - 92. Let r = 5084 + -5117. What is c(r)?
7
Let l(n) be the third derivative of n**4/6 + n**3/2 + 2*n**2. Suppose 0 = 10101*i - 10119*i + 54. Give l(i).
15
Suppose 0 = 2*t + z - 1, 3*z + 2*z + 23 = 4*t. Let k(a) = 0*a**t - 11429 - 2*a + 2*a**2 + 11433. Give k(-3).
28
Suppose -11*z + 43 = -1. Suppose -p = -z - 8. Let w(h) = h**2 - p*h + 11*h - 1 + 3 - 3. Calculate w(-3).
11
Let m(q) be the second derivative of 2*q**3/3 + 2*q**2 - 977*q. Determine m(1).
8
Let m(y) = 3*y - 28. Let a = -893 - -903. Determine m(a).
2
Let y = 21098 + -21105. Let z(h) = -5*h - 30. Determine z(y).
5
Let l(i) = 85*i**3 + 15*i**2 + 27*i + 46. Let r(k) = -71*k**3 - 14*k**2 - 26*k - 48. Let o(b) = -5*l(b) - 6*r(b). Determine o(-7).
9
Let a(o) = -2*o + 1. Suppose -4*x - 18 = 26. Let z(y) = -3*y - 29. Let g be z(x). Suppose 0*t = t + g. What is a(t)?
9
Let g(d) = d**2 - 3*d - 2. Let i be ((-140)/224)/(2/(-16)). What is g(i)?
8
Let c be (-12)/((-6)/12 - 1). Let f be (-1)/(9/(-9) - (-7)/c). Let d(s) be the third derivative of s**5/60 - s**4/4 + s**3/3 + 7*s**2. Calculate d(f).
18
Let f(g) = -g**2 + 2 + g - 3 + g**3 - 4*g + 2*g**2. Let n = -130 - -134. Suppose 4*w - 17 = 3*w - n*d, 0 = -4*w + 4*d - 32. Calculate f(w).
-10
Let v(k) = 5*k**3 + 4*k + 4. Let h(j) = j**3 + j. Let a(w) = 4*h(w) - v(w). Let n = -957 - -961. Suppose -n*c + 3*o = 15, -o + 4 = 2*c - 1. Determine a(c).
-4
Let p(g) be the second derivative of 14*g**3/3 - 23*g**2/2 - 3794*g. Calculate p(2).
33
Let n(v) = 11*v - 13. Let j(h) = h**2 - 80*h + 1312. Let y be j(23). Give n(y).
-2
Let t(u) = u**3 - 4*u**2 + 11*u - 77. Let j = 8590 + -8585. Calculate t(j).
3
Suppose 0 = 3*n - 2 + 5. Suppose -238 = -11*t + 9*t. Let y(s) = -13*s. Let a(f) = -391*f. Let o(g) = t*y(g) - 4*a(g). Determine o(n).
-17
Let c(s) = s**2 - 5*s. Suppose 3*u - 10 = 5*m, 5*u + 4 = m + 6. Let z(b) = b**2 + 3. Let v be z(u). Let i be c(v). Let j(p) = p**2 + 2*p + 2. What is j(i)?
26
Let o(t) be the first derivative of t**3/3 - t**2/2 + 41*t - 9. Let s(d) be the first derivative of o(d). Determine s(-4).
-9
Suppose 4*t = 5*u + 11415, -15 - 10 = -5*u. Let x(l) = -2855*l**2 - 3 - l**3 - 2*l + t*l**2 + 4. Let m = 8 - 4. What is x(m)?
9
Let w(z) = -4*z**2 - 9*z - 9. Let k(p) = -5*p**2 - 10*p - 10. Suppose 5*y + 16 = y. Let s(i) = y*w(i) + 3*k(i). Let f = -10777 + 10773. Calculate s(f).
-2
Let l(i) be the first derivative of i**7/840 + i**6/90 - 5*i**4/24 + 49*i**3/3 + i + 47. Let z(g) be the third derivative of l(g). What is z(-3)?
4
Let t(k) = 6*k**3 - 194*k**2 + 65*k - 15. Let o be t(32). Let l(y) = y**3 - 15*y**2 - 38*y + 53. Calculate l(o).
-15
Let l(t) = -2*t**2 - 62*t + 207. Let r be l(-34). Let u(s) = s**2 - 9*s + 16. Determine u(r).
-2
Let m(y) = -y**2 + 6*y + 11. Let k = 30 - -44. Suppose -k = -11*p + 14. Determine m(p).
-5
Let o(d) = d**3 - 6*d**2 + d - 1. Suppose 0 = -57*m + 445*m - 1940. Calculate o(m).
-21
Let c(q) be the third derivative of q**4/12 + q**3 - 24*q**2. Let l be c(-2). Let y(d) = -7*d**2 - 3*d + d - 2*d - d**3 + l*d**2 + 4. What is y(-4)?
4
Let k(f) = -f**3 - f**2 + 13. Let a = 2 + -107. Let z = a + 109. Suppose s = 5*l + 9 - 4, s - z*l = 4. What is k(s)?
13
Let l = 104 - 82. Let s be ((-33)/l)/(3/6). Let g(d) = d**3 + 5*d**2 + 5*d + 3. Give g(s).
6
Let s(b) = 3*b**2 - 8 - 8*b + 2*b**2 - 2*b**2 - 2*b**2. Let c be 8*(-19)/((-912)/54). Determine s(c).
1
Let f(i) be the second derivative of 0 - 23/2*i**2 + 36*i + 3/2*i**3. Let t(a) = -16*a + 45. Let z(k) = -7*f(k) - 4*t(k). What is z(0)?
-19
Let h(f) be the third derivative of f**6/120 - 4*f**3/3 - 6*f**2 - 3*f. Let y = -29 + 34. Suppose 0 = -y*d + 3*d. Calculate h(d).
-8
Let f(l) be the second derivative of l**4/6 + 17*l**3/3 + 41*l + 2. Give f(-17).
0
Let s(n) = n**3 - 4*n**2 + 4. Let w be (-13 - -2)/(0 + 1/(-5)). Let q = 174 + -123. Let r = w - q. Give s(r).
4
Let f = -54 + 58. Suppose -f*i - 2*r = -16, 8 = i - 3*i + 3*r. Let c(u) = i*u + 4*u + 4 - 2*u - 2*u. Calculate c(-5).
-6
Suppose 8*l = 4*l - 16. Let o(t) be the third derivative of 0*t + 0 - 5*t**2 + 1/60*t**5 + t**3 + 1/4*t**4. Calculate o(l).
-2
Let v(d) = d**3 + 6*d**2 + 3*d. Let n(g) = -g**3 - 5*g**2 - 2*g + 1. Suppose 12*j - 28 = -2*j. Let m(c) = j*v(c) + 3*n(c). Determine m(-4).
19
Let v(b) = 4*b**3 + 20*b**2 - 45*b - 20. Let h(i) = 17 - 12 + 0*i**2 - i**3 - 5*i**2 + 0*i**2 + 11*i. Let r(s) = 9*h(s) + 2*v(s). Let m = 7 + -13. Give r(m).
-13
Let p(k) = k**2 - 19*k + 81. Suppose -23*r - 110 = -94 - 292. Calculate p(r).
-3
Let t = -87 - -91. Suppose -n - 3*m = -1, -t*m - 4 = 10*n - 14*n. Let y(c) = 9*c**2 - 2*c + 1. Give y(n).
8
Let a(n) = -2*n**3 + 8*n**2 + 3*n + 3. Let l be ((-58)/203)/((-8)/182) + (-5)/10. Determine a(l).
-123
Let y(f) = -2*f. Suppose -2*q - 24 = -6*q. Let s(i) = -1. Let r(o) = q*s(o) + y(o). Suppose -3*d + 3 = 334*x - 335*x, 0 = -x + 2*d - 4. What is r(x)?
6
Let h(j) = -18*j + 1. Let i(w) = w. Let v(y) = h(y) + 4*i(y). Let d = -39 - -27. Let r be (-2)/5*30/d. Calculate v(r).
-13
Let v = -2763 + 2768. Let d(c) = -c**3 + 4*c**2 - c + 7. What is d(v)?
-23
Suppose -33 = 4*o + 11. Let n be 93/(-248) + o/(-8). Let k(d) = 20*d**2 - 9*d - 5. Let u(w) = 5*w**2 - 2*w - 1